{"id":978,"date":"2020-11-10T10:11:07","date_gmt":"2020-11-10T10:11:07","guid":{"rendered":"http:\/\/obermaier-gesellschaft.de\/?page_id=978"},"modified":"2024-04-09T13:08:08","modified_gmt":"2024-04-09T13:08:08","slug":"organisation","status":"publish","type":"page","link":"https:\/\/obermaier-gesellschaft.de\/english\/organisation\/","title":{"rendered":"Organisation"},"content":{"rendered":"<h3 class=\"wp-block-heading\">Board of Directors<\/h3>\n\n\n\n<p><strong>President:&nbsp;<\/strong>Prof. Dr. Harald Floss, Eberhard Karls Universit\u00e4t T\u00fcbingen<br><strong>Vizepr\u00e4sidentin:&nbsp;<\/strong>Dr. Yvonne Tafelmaier, Landesamt f\u00fcr Denkmalpflege Baden-W\u00fcrttemberg<br><strong>Secretary:&nbsp;<\/strong>Dr. Marcel Wei\u00df, Friedrich-Alexander-Universit\u00e4t Erlangen-N\u00fcrnberg<br><strong>Treasurer:<\/strong> Amira Adaileh M.A., Bayerisches Landesamt f\u00fcr Denkmalpflege<br><strong>Assessors:<\/strong><br>Dr. Mara Julia Weber, Stiftung Schleswig-Holsteinische Landesmuseen Schloss Gottorf<br>Prof. Dr. Florent Rivals, Institut Catal\u00e0 de Paleoecologia Humana i Evoluci\u00f3 Social (IPHES)<\/p>\n\n\n\n<h3 class=\"wp-block-heading\">Advisory Board<\/h3>\n\n\n\n<p>Priv.-Doz. Dr. habil. Andreas Pastoors, Universit\u00e4t Erlangen-N\u00fcrnberg<br>Dr. Zde\u0148ka Nerudova, Centrum kulturn\u00ed antropologie, MZM<br>Dr. habil. Ma\u0142gorzata Kot, Faculty of Archaeology, University of Warsaw<br>Ass.-Prof. Mag. Dr. Philip R. Nigst, Universit\u00e4t Wien<br>Dr. Ewa Dutkiewicz, Museum f\u00fcr Vor- und Fr\u00fchgeschichte, Berlin<br>Dr. Ludovic Mevel, Universit\u00e9 de Paris-Nanterre, \u00c9quipe Ethnologie pr\u00e9historique, Paris<br>Dr. Olaf J\u00f6ris, MONREPOS, Neuwied<\/p>\n\n\n\n<div class=\"wp-block-group\"><div class=\"wp-block-group__inner-container is-layout-flow wp-block-group-is-layout-flow\"><\/div><\/div>","protected":false},"excerpt":{"rendered":"<p>Vorstand Pr\u00e4sident:&nbsp;Prof. Dr. Harald Floss, Eberhard Karls Universit\u00e4t T\u00fcbingenVizepr\u00e4sidentin:&nbsp;Dr. Yvonne Tafelmaier, Landesamt f\u00fcr Denkmalpflege Baden-W\u00fcrttembergSchriftf\u00fchrer:&nbsp;Dr. Marcel Wei\u00df, Friedrich-Alexander-Universit\u00e4t Erlangen-N\u00fcrnbergSchatzmeisterin: Amira Adaileh M.A., Bayerisches Landesamt f\u00fcr DenkmalpflegeBeisitzer:Dr. Mara Julia Weber, Stiftung Schleswig-Holsteinische Landesmuseen Schloss GottorfProf. Dr. Florent Rivals, Institut Catal\u00e0 de Paleoecologia Humana i Evoluci\u00f3 Social (IPHES) Beirat Priv.-Doz. Dr. habil. Andreas Pastoors, Universit\u00e4t Erlangen-N\u00fcrnbergDr. Zde\u0148ka &hellip; <\/p>\n<p class=\"link-more\"><a href=\"https:\/\/obermaier-gesellschaft.de\/english\/organisation\/\" class=\"more-link\">Continue reading<span class=\"screen-reader-text\"> &#8220;Organisation&#8221;<\/span><\/a><\/p>","protected":false},"author":1,"featured_media":0,"parent":0,"menu_order":0,"comment_status":"closed","ping_status":"closed","template":"","meta":{"footnotes":""},"class_list":["post-978","page","type-page","status-publish","hentry"],"_links":{"self":[{"href":"https:\/\/obermaier-gesellschaft.de\/english\/wp-json\/wp\/v2\/pages\/978","targetHints":{"allow":["GET"]}}],"collection":[{"href":"https:\/\/obermaier-gesellschaft.de\/english\/wp-json\/wp\/v2\/pages"}],"about":[{"href":"https:\/\/obermaier-gesellschaft.de\/english\/wp-json\/wp\/v2\/types\/page"}],"author":[{"embeddable":true,"href":"https:\/\/obermaier-gesellschaft.de\/english\/wp-json\/wp\/v2\/users\/1"}],"replies":[{"embeddable":true,"href":"https:\/\/obermaier-gesellschaft.de\/english\/wp-json\/wp\/v2\/comments?post=978"}],"version-history":[{"count":8,"href":"https:\/\/obermaier-gesellschaft.de\/english\/wp-json\/wp\/v2\/pages\/978\/revisions"}],"predecessor-version":[{"id":4066,"href":"https:\/\/obermaier-gesellschaft.de\/english\/wp-json\/wp\/v2\/pages\/978\/revisions\/4066"}],"wp:attachment":[{"href":"https:\/\/obermaier-gesellschaft.de\/english\/wp-json\/wp\/v2\/media?parent=978"}],"curies":[{"name":"wp","href":"https:\/\/api.w.org\/{rel}","templated":true}]}}

<h3 class="wp-block-heading">Board of Directors</h3>



<p><strong>President:&nbsp;</strong>Prof. Dr. Harald Floss, Eberhard Karls Universität Tübingen<br><strong>Vizepräsidentin:&nbsp;</strong>Dr. Yvonne Tafelmaier, Landesamt für Denkmalpflege Baden-Württemberg<br><strong>Secretary:&nbsp;</strong>Dr. Marcel Weiß, Friedrich-Alexander-Universität Erlangen-Nürnberg<br><strong>Treasurer:</strong> Amira Adaileh M.A., Bayerisches Landesamt für Denkmalpflege<br><strong>Assessors:</strong><br>Dr. Mara Julia Weber, Stiftung Schleswig-Holsteinische Landesmuseen Schloss Gottorf<br>Prof. Dr. Florent Rivals, Institut Català de Paleoecologia Humana i Evolució Social (IPHES)</p>



<h3 class="wp-block-heading">Advisory Board</h3>



<p>Priv.-Doz. Dr. habil. Andreas Pastoors, Universität Erlangen-Nürnberg<br>Dr. Zdeňka Nerudova, Centrum kulturní antropologie, MZM<br>Dr. habil. Małgorzata Kot, Faculty of Archaeology, University of Warsaw<br>Ass.-Prof. Mag. Dr. Philip R. Nigst, Universität Wien<br>Dr. Ewa Dutkiewicz, Museum für Vor- und Frühgeschichte, Berlin<br>Dr. Ludovic Mevel, Université de Paris-Nanterre, Équipe Ethnologie préhistorique, Paris<br>Dr. Olaf Jöris, MONREPOS, Neuwied</p>



<div class="wp-block-group"><div class="wp-block-group__inner-container is-layout-flow wp-block-group-is-layout-flow"></div></div>

<p>Vorstand Präsident:&nbsp;Prof. Dr. Harald Floss, Eberhard Karls Universität TübingenVizepräsidentin:&nbsp;Dr. Yvonne Tafelmaier, Landesamt für Denkmalpflege Baden-WürttembergSchriftführer:&nbsp;Dr. Marcel Weiß, Friedrich-Alexander-Universität Erlangen-NürnbergSchatzmeisterin: Amira Adaileh M.A., Bayerisches Landesamt für DenkmalpflegeBeisitzer:Dr. Mara Julia Weber, Stiftung Schleswig-Holsteinische Landesmuseen Schloss GottorfProf. Dr. Florent Rivals, Institut Català de Paleoecologia Humana i Evolució Social (IPHES) Beirat Priv.-Doz. Dr. habil. Andreas Pastoors, Universität Erlangen-NürnbergDr. Zdeňka &hellip; </p>
<p class="link-more"><a href="https://obermaier-gesellschaft.de/english/organisation/" class="more-link">Continue reading<span class="screen-reader-text"> &#8220;Organisation&#8221;</span></a></p>
